
5
Let x(v) = -v**3 - 13*v**2 + 112*v - 5. Determine x(6).
-17
Let q(z) = -7*z**2 + 265*z + 42. Determine q(38).
4
Let x(w) = -w**3 + 5*w**2 + 3*w - 30. Calculate x(4).
-2
Let p(j) = 2*j**2 - 37*j - 31. Calculate p(16).
-111
Let d(s) = 6*s**2 - 33*s - 27. Calculate d(-9).
756
Let u(w) = -273*w + 1980. Give u(7).
69
Let n(y) = -2*y**3 - 14*y**2 - 71*y - 506. Determine n(-7).
-9
Let y(t) = 1738*t**2 + 3474*t - 1. Calculate y(-2).
3
Let c(x) = -x**3 - 5*x**2 - 297*x - 874. What is c(-3)?
-1
Let s(m) = m**2 - 90*m - 3212. What is s(-27)?
-53
Let p(y) = y**3 + 33*y**2 + 22*y - 1048. Give p(-31).
192
Let j(v) = 42*v + 264. What is j(-12)?
-240
Let w(l) = 2*l**3 - 12*l**2 + 8*l. What is w(3)?
-30
Let o(c) = -c**3 + 49*c**2 + 64*c - 675. Calculate o(50).
25
Let v(j) = 3*j**3 - 21*j**2 - 181*j + 1. What is v(12)?
-11
Let n(w) = w**3 - 26*w**2 - 86*w - 28. Give n(29).
1
Let r(u) = -u**3 - 68*u**2 - 31*u + 2394. Determine r(-67).
-18
Let x(y) = -3*y**2 - 92*y - 118. What is x(-39)?
-1093
Let a(s) = 2*s**3 - 15*s**2 + 42*s - 42. Determine a(9).
579
Let o(j) = j**3 + 27*j**2 + 27*j + 37. What is o(-26)?
11
Let b(z) = 50*z**3 - 398*z**2 - 9*z - 51. Calculate b(8).
5
Let y(c) = -c**3 - 19*c**2 - 72*c + 27. Calculate y(-6).
-9
Let b(c) = 5*c + 544. What is b(-30)?
394
Let s(b) = -30*b**2 - 469*b - 15. Determine s(-16).
-191
Let q(x) = -6*x - 21. Determine q(0).
-21
Let s(n) = n**3 + 8*n**2 + 39*n + 482. Give s(-10).
-108
Let k(m) = -129*m + 648. Calculate k(5).
3
Let z(n) = -36*n - 2655. Calculate z(-71).
-99
Let m(c) = c**2 - 244*c + 962. Calculate m(4).
2
Let x(v) = 591*v - 2955. What is x(5)?
0
Let b(p) = 1702*p - 6801. Determine b(4).
7
Let c(x) = -x**2 - 2*x + 53. What is c(-8)?
5
Let w(i) = 13*i**2 + 416*i - 10. Calculate w(-32).
-10
Let c(m) = 2*m**2 - 22*m + 19. Determine c(7).
-37
Let s(z) = 15*z + 551. Give s(-37).
-4
Let i(v) = 115*v - 346. Calculate i(4).
114
Let z(o) = -101*o - 696. What is z(-7)?
11
Let n(a) = a**2 - 56*a + 456. What is n(46)?
-4
Let c(a) = -31*a - 2711. What is c(-84)?
-107
Let z(w) = -13*w - 14. What is z(-1)?
-1
Let y(n) = -n**3 + 2*n**2 + 69*n - 83. Give y(9).
-29
Let z(q) = q**3 + 4*q**2 + 6*q + 34. Calculate z(-5).
-21
Let f(n) = 5*n**2 + 86*n + 2. Give f(-12).
-310
Let a(q) = q**2 + 27*q - 1110. Determine a(-49).
-32
Let f(r) = -3*r**3 + 34*r**2 + 318*r + 1. Calculate f(-6).
-35
Let d(h) = -h**3 - 170*h**2 + 698*h + 313. Calculate d(-174).
-35
Let u(s) = -s**3 - 143*s**2 - 282*s - 75. Give u(-141).
-75
Let h(w) = w**2 + 89*w + 585. Give h(-7).
11
Let s(o) = -490*o + 14215. Calculate s(29).
5
Let a(g) = -55*g**2 - 328*g. Give a(-6).
-12
Let l(h) = -72*h + 2360. What is l(34)?
-88
Let j(a) = 26*a**3 + 5*a**2 - 6*a + 3. Give j(2).
219
Let n(s) = 9*s**2 + 26*s + 57. Give n(-5).
152
Let y(b) = 16*b**2 - 69*b - 201. Calculate y(-3).
150
Let n(s) = -s**3 + 98*s**2 + 90*s + 887. What is n(99)?
-4
Let g(j) = -2*j**3 - 4*j**2 + 94*j + 96. What is g(-1)?
0
Let z(j) = 4*j**3 + 3*j**2 - 2*j - 371. Calculate z(0).
-371
Let b(j) = -2*j**3 - 6*j**2 + 252*j - 786. Give b(-14).
-2
Let h(o) = -o**2 - 75*o - 286. Give h(-71).
-2
Let o(h) = -72*h - 861. Determine o(-4).
-573
Let w(j) = -j**3 - 27*j**2 + 54*j - 136. Calculate w(-29).
-20
Let w(i) = 3*i + 214. Determine w(18).
268
Let j(g) = -g**3 + 5*g**2 - 19*g. What is j(3)?
-39
Let s(y) = -2328*y - 65181. Determine s(-28).
3
Let b(h) = -883*h - 14119. Calculate b(-16).
9
Let b(p) = -2*p**3 - 27*p**2 + 52*p + 98. Give b(-15).
-7
Let u(v) = -v**2 + 1993*v - 25729. Determine u(13).
11
Let h(c) = 7*c**2 - 35*c - 270. Calculate h(-7).
318
Let z(t) = -881*t + 72233. What is z(82)?
-9
Let n(t) = -2*t**3 - 28*t**2 + 45*t + 194. Determine n(-15).
-31
Let u(a) = a**3 - 7*a**2 - 43*a + 5. Give u(-4).
1
Let a(t) = t**3 - 13*t**2 - 5*t - 83. Determine a(17).
988
Let v(i) = -i**3 - 12*i**2 + 33*i + 358. What is v(-7)?
-118
Let p(k) = -k**3 + 10*k + 14. Give p(6).
-142
Let n(v) = -230*v**3 - 23*v**2 - 26*v - 1. Give n(-1).
232
Let f(x) = -2938*x + 8828. Calculate f(3).
14
Let t(s) = -2*s**3 + 26*s**2 - 42*s + 107. What is t(12)?
-109
Let d(a) = a**2 - 108*a + 419. Calculate d(4).
3
Let g(y) = -2*y**3 - 65*y**2 + 106*y + 14. What is g(-34)?
-122
Let q(h) = -379*h + 10994. What is q(29)?
3
Let h(n) = n**2 + 19*n + 50. Determine h(-14).
-20
Let v(g) = -20*g**2 + 1181*g - 72. Give v(59).
-13
Let v(y) = 12*y**2 - 21*y + 80. What is v(6)?
386
Let j(r) = -r**3 + 5*r**2 - 254*r + 1267. Give j(5).
-3
Let u(d) = 12*d**3 + 50*d**2 - 4*d. Calculate u(-4).
48
Let w(k) = k**2 + 25*k + 88. Give w(-22).
22
Let z(o) = -98*o + 7447. Determine z(76).
-1
Let i(d) = 5*d - 149. Determine i(31).
6
Let k(y) = 126*y + 3652. Give k(-29).
-2
Let r(m) = 29*m - 86. Determine r(5).
59
Let c(t) = t**2 + 18*t - 315. Give c(11).
4
Let l(b) = -3*b**2 - 24*b - 59. Calculate l(-8).
-59
Let k(m) = -m**3 + 11*m**2 - 15*m + 9. What is k(6)?
99
Let o(q) = 25*q**2 - 3*q + 14. Give o(-3).
248
Let n(k) = 4*k**2 - 76*k - 660. Determine n(-7).
68
Let a(f) = -18*f + 80. Give a(-10).
260
Let s(h) = -10*h + 75. What is s(19)?
-115
Let t(x) = -2*x**2 + 74*x - 21. Give t(0).
-21
Let h(s) = s**3 - 36*s**2 - 5*s + 73. Calculate h(36).
-107
Let v(r) = 3*r**2 - 77*r + 51. Give v(25).
1
Let x(b) = b**3 + 511*b**2 + 2530*b - 4. Give x(-5).
-4
Let i(a) = -a**2 - 38*a - 201. Calculate i(-11).
96
Let o(v) = 2*v**2 + 240*v + 4854. Calculate o(-26).
-34
Let j(x) = x**2 - 229*x + 6796. What is j(35)?
6
Let j(n) = -2*n**2 + 10867*n - 4. What is j(0)?
-4
Let b(h) = h**3 - 14*h**2 + 13*h - 24. Determine b(10).
-294
Let o(c) = -7*c**3 + 26*c**2 + 127*c - 1. What is o(-4)?
355
Let g(b) = -1131*b + 7932. Calculate g(7).
15
Let x(v) = -v**2 + 41*v + 426. What is x(-9)?
-24
Let m(k) = k**3 + 15*k**2 + 14*k - 38. Give m(-13).
118
Let p(s) = -2*s**3 - 4*s**2 + 3*s + 24. Determine p(-3).
33
Let u(w) = -w**3 + w**2 + 117*w + 221. Determine u(-2).
-1
Let q(n) = 2*n**2 + 129*n + 41. Give q(-64).
-23
Let w(n) = 125*n - 10544. Calculate w(83).
-169
Let h(j) = -2*j**3 - 6*j**2 - 413*j - 824. What is h(-2)?
-6
Let x(w) = 3*w + 41. Determine x(-29).
-46
Let c(o) = -180*o + 19793. Determine c(110).
-7
Let v(u) = 62*u**3 - 13*u**2 + u + 14. What is v(-1)?
-62
Let a(g) = -405*g + 1654. Calculate a(4).
34
Let u(h) = h**2 + 51*h - 558. Calculate u(9).
-18
Let c(g) = 2*g**2 - 17108*g + 51315. Give c(3).
9
Let w(f) = 577*f - 4619. Determine w(8).
-3
Let y(w) = -19*w**3 + 19*w**2 - 39*w + 7. What is y(2)?
-147
Let d(i) = 13*i**2 - 123*i - 282. Calculate d(-2).
16
Let a(i) = -i**3 + 80*i**2 + 93*i - 925. What is a(81)?
47
Let d(z) = z**3 - z**2 - 19*z + 728. Calculate d(0).
728
Let o(w) = -1065*w - 6396. What is o(-6)?
-6
Let m(a) = a**3 + 13*a**2 - 15*a - 181. Determine m(-16).
-709
Let y(m) = -44*m + 231. Determine y(4).
55
Let p(t) = -7*t - 379. Determine p(-57).
20
Let d(z) = -2*z**3 - 15*z**2 - 15*z + 16. What is d(-7)?
72
Let t(y) = 287*y + 2903. Determine t(-10).
33
Let s(p) = 14*p**2 + 616*p + 61. Determine s(-44).
61
Let a(l) = 19*l**3 + 2*l**2 - 13*l - 14. Calculate a(-3).
-470
Let d(s) = s**2 - 17*s - 59. Give d(-9).
175
Let s(d) = d**3 + 71*d**2 - 367*d - 63. Determine s(5).
2
Let m(v) = -10*v**2 + 33*v + 293. Calculate m(-4).
1
Let z(d) = -98*d - 69. Calculate z(-2).
127
Let i(z) = z**3 - 6*z**2 - 44*z + 189. What is i(9)?
36
Let f(g) = -562*g. Calculate f(-1).
562
Let p(t) = 2297*t - 11484. What is p(5)?
1
Let v(d) = -15*d**2 + 29*d - 18. What is v(-6)?
-732
Let o(h) = -h**3 - 8*h**2 - 3*h + 49. Determine o(-6).
-5
Let v(g) = -30*g - 88. What is v(-1)?
-58
Let q(y) = -732*y**2 - 10984*y - 44. Determine q(-15).
16
Let b(l) = l**3 + 6*l**2 - 14*l - 63. Calculate b(-8).
-79
Let g(x) = 10*x**2 - 142. Give g(10).
858
Let g(q) = 2*q**3 - 14*q**2 + 14*q - 116. Calculate g(7).
-18
Let o(r) = -3*r + 68. Calculate o(-3).
77
Let r(x) = 127*x + 1172. What is r(-9)?
29
Let u(a) = a**3 - 3*a**2 - 13*a + 72. What is u(5)?
57
Let g(n) = 22*n**2 + 127*n + 8. Determine g(-6).
38
Let g(f) = -1734*f + 6917. What is g(4)?
-19
Let q(t) = 7*t**2 - 7*t + 27. Give q(4).
111
Let o(j) = 2*j**2 - 190*j - 6306. Give o(121).
-14
Let u(h) = 537*h**2 + 2691*h + 24. What is u(-5)?
-6
Let h(x) = -22*x**2 - 92*x + 3141. Calculate h(10).
21
Let t(o) = -2*o**2 + 28*o + 42. Give t(18).
-102
Let m(y) = 9631*y - 3